. Suppose -h + w = 5*h. Suppose 2*c + 56 = 6*c. Calculate the highest common divisor of c and h.
14
Suppose 57 + 3 = 5*t. What is the greatest common divisor of 6 and t?
6
Suppose 5*p = 3*w + 11 - 38, w + 2*p - 20 = 0. Suppose w = u - 0*u. What is the greatest common divisor of u and 70?
14
Let p(y) be the second derivative of y**4/6 + 2*y**3/3 + y**2 + 2*y. Let c be p(-2). Calculate the highest common divisor of 10 and c.
2
Suppose -4*a + 25 = a. Let l be 16/(1/40*2). Suppose 10*r = a*r + l. Calculate the highest common factor of 8 and r.
8
Let x(w) = -4*w + 4. Let h be (-6)/(-9)*18/(-3). Let k be x(h). Calculate the greatest common factor of 140 and k.
20
Suppose -2*k + 4 = -k. Let i(p) = 19*p - 13. Let n be i(1). Calculate the greatest common divisor of n and k.
2
Let t be (-62)/(-6) + (-2)/6. Suppose -c + 74 = 4*b, -4 = -b - 3*b. What is the highest common divisor of c and t?
10
Let d(c) = c**2 - 7*c - 1. Let u be d(7). Let a be (u + 0)/((-6)/108). Calculate the greatest common factor of a and 162.
18
Let n be -3 - (-2 + -1) - -30. What is the greatest common factor of n and 30?
30
Let m = -18 - -63. Let y be (-6)/(120/(-308)) + (-4)/10. Calculate the greatest common factor of m and y.
15
Let r(k) = k**3 + 5*k**2 - k + 3. Let s be r(-5). Suppose -3*h = -s*h + 60. What is the highest common factor of 18 and h?
6
Suppose -3*u - 2*u - 15 = 0. Let d be (-15)/(-5)*(-1)/u. Let y be (-3 - 2)*-1 - d. What is the highest common factor of y and 44?
4
Suppose 20 = -3*w + 4*w. What is the highest common factor of w and 5?
5
Let d = -15 + 36. What is the highest common factor of 42 and d?
21
Let p = -16 - -8. Let n(j) = -2*j - 12. Let t be n(p). Calculate the highest common divisor of 16 and t.
4
Let n(p) = 2*p**2 + 13*p - 9. Let o be n(10). Suppose 3*b - 3*j = o, -2*j = 2*b + 2*b - 446. Calculate the highest common divisor of 10 and b.
10
Suppose 77 = 5*g + 2*g. What is the highest common factor of 77 and g?
11
Let a be ((-6)/9)/((-2)/9). Suppose -29 = -2*v + o + 11, 5*o = a*v - 60. Calculate the highest common divisor of 5 and v.
5
Let b(g) = -2*g - 2. Let m be b(1). Let x(d) = d**2 + 3*d. Let p be x(m). What is the highest common factor of p and 2?
2
Suppose -4*j - 3*c = -23, 0 = -0*j - j + 5*c + 23. Suppose -m = h + 28, 3*m - 4*h = j*m + 144. Let r = m + 67. What is the highest common factor of r and 5?
5
Suppose 4*j = -0*j + 40. Let u(o) = 6*o - 1. Let g be u(1). Suppose -s - 5*y + 75 = 0, -2*s = s - g*y - 285. Calculate the highest common divisor of j and s.
10
Let p(h) = 2*h**2 + 2*h + 25 - 25. Let m be p(-3). What is the highest common divisor of 36 and m?
12
Let y = 814 - 778. Let r be 2 + 0 + -1 + 107. What is the highest common divisor of r and y?
36
Suppose -10*p - 82 = -442. Calculate the highest common divisor of p and 9.
9
Let d = 11 - 4. What is the greatest common divisor of d and 7?
7
Let u(p) = p**3 + p + 15. Let j be u(0). Calculate the highest common divisor of j and 45.
15
Let q(u) = 5*u - 1. Suppose -2*s = -0*s - 2. Let h be q(s). Suppose -7 = -3*j - p, 7*j - h*p - 4 = 3*j. What is the greatest common factor of j and 22?
2
Let x be (-4)/32 - (-82)/16. Calculate the highest common factor of x and 40.
5
Suppose 5*a = -0*a + 15, 42 = 3*h + 5*a. Calculate the highest common factor of h and 63.
9
Let i = -14 + 25. What is the highest common divisor of i and 88?
11
Let x(u) = -u**3 + 17*u**2 + 24*u - 42. Let v be x(18). Calculate the greatest common divisor of 22 and v.
22
Let i be 26/(-2*(-1)/1). What is the greatest common divisor of i and 91?
13
Suppose -110 = -16*t + 11*t. Suppose 25 + 30 = b. What is the greatest common divisor of b and t?
11
Suppose 0 = 6*v - 181 - 683. What is the highest common factor of v and 16?
16
Let m = -68 + 143. Calculate the highest common factor of m and 15.
15
Let k(j) = j + 3. Let w be k(0). Suppose -5*a + 28 = 3*v, 0*a - 5*a - 2*v + 27 = 0. Suppose 51 = a*x - 84. Calculate the highest common factor of w and x.
3
Let y(i) = i**2 + 2*i - 4. Let q be y(-4). Let f(u) = u**3 - u**2 - u + 36. Let j = 1 + -1. Let l be f(j). Calculate the greatest common factor of l and q.
4
Suppose -b = 22 + 286. Let z = -132 - b. Calculate the highest common divisor of z and 16.
16
Let x be (-8 - -5)/(1/(-57)). What is the greatest common divisor of x and 19?
19
Let n(y) = 2*y - 1. Suppose -l = 2 - 5. Let d be n(l). Suppose d*p + z = 50, -2*p + z + 20 = -0. Calculate the highest common divisor of 20 and p.
10
Let c(g) = -2*g**2 - 11*g + 3. Let t be c(-5). What is the greatest common factor of t and 144?
8
Let z(y) = -y**3 - 21*y**2 - 41*y - 37. Let t be z(-19). What is the greatest common factor of t and 20?
20
Suppose -4*c - 83 = -515. What is the highest common divisor of 72 and c?
36
Let u be (4/8)/(1/10). Calculate the highest common factor of u and 25.
5
Suppose -4*v + 14 + 6 = 4*t, -2*v + 4 = -4*t. Let m(f) = 8*f + 3. Let b be m(v). Let n be 10/(-25) - 54/(-10). What is the greatest common divisor of b and n?
5
Let r be -1 + 2 - (0 - 0). Let i be 3 + 80 - -2*r. Calculate the greatest common divisor of i and 34.
17
Let o(v) = v**2 - v - 1. Let a = -25 - -22. Let g be o(a). Calculate the greatest common divisor of g and 99.
11
Let h(o) = 13*o - 46. Let j be h(4). Suppose -83 = -4*a + 181. What is the highest common factor of a and j?
6
Let x be ((-17)/(-3) + 1)*-6. Suppose q = 4 - 23. Let b = q - x. What is the greatest common factor of 7 and b?
7
Let v(q) = q**2 - 1. Let c(w) = -5*w**2 - 4*w + 9. Let r(z) = -c(z) - 3*v(z). Let x be r(-7). Calculate the highest common divisor of x and 16.
16
Let d be (-10)/25 - 548/(-20). Calculate the greatest common divisor of d and 189.
27
Let f = 32 - 15. Let x(w) = 31*w - 5. Let r be x(4). Calculate the highest common factor of f and r.
17
Suppose 3*i + 4 = 22. Let n(j) = j**3 - 6*j**2 + 3*j - 6. Let k be n(6). Calculate the highest common factor of k and i.
6
Let a = 6 - 0. What is the highest common divisor of a and 9?
3
Let y = 5 - 1. Suppose -g = -y*g + 63. Suppose 2*z - 9 = 5. What is the greatest common divisor of g and z?
7
Let b(l) = -5*l**3 + 3*l + 2. Let a be b(-1). Calculate the greatest common factor of a and 32.
4
Let s = 312 + -476. Let m = -84 - s. Calculate the highest common divisor of 16 and m.
16
Let k be ((-3)/(-6) - (-6)/(-4)) + 4. What is the greatest common divisor of k and 21?
3
Suppose 105 = 8*l - 3*l. What is the highest common factor of l and 7?
7
Let o be (-4)/18 + (-2980)/(-45). Let y(m) = -3*m. Let j be y(-2). Calculate the greatest common factor of o and j.
6
Let q = 117 - -72. Calculate the greatest common divisor of q and 27.
27
Let x = 8 + -2. Let i = -37 - -41. What is the greatest common divisor of i and x?
2
Let q = -7 - -13. Let y be 3/q + 33/(-6). Let v(g) = g**3 + 6*g**2 + 4*g + 3. Let b be v(y). What is the highest common factor of 20 and b?
4
Let x = 101 + -152. Let t = 76 + x. Calculate the greatest common divisor of t and 225.
25
Let l = -10 - -19. Let w = -3 + l. What is the highest common divisor of w and 42?
6
Let i(n) = n + 14*n**2 + 0 + 9 - 1 + 9*n**3 - 10*n**3. Let w be i(14). Calculate the highest common divisor of 242 and w.
22
Let l = -1 - -1. Let n(a) = -a**2 + a + 1. Let m be n(l). Let q be (1 + -2 + 2)*11. Calculate the greatest common divisor of q and m.
1
Let h(f) = 9*f**2 - f - 2. Let y be h(2). Let v = -2 + y. What is the highest common factor of v and 15?
15
Let d(w) = -w**2 - 2*w. Let b be d(-3). Let k = b + 36. Calculate the greatest common divisor of k and 22.
11
Suppose 4*r + 8 = 3*p, -3*p + 4*r + 12 = p. Suppose -b - 36 = -p*b. What is the highest common divisor of 4 and b?
4
Let f(k) = -k - 25. Let y be f(0). Let m be 20*(y/(-4) - 3). What is the greatest common divisor of m and 13?
13
Suppose 4*o + 3*v = 25, -4*o + 4*v = v - 31. Calculate the greatest common factor of o and 35.
7
Suppose 0 = -o - o - 12. Let n be o/(-1)*10/6. What is the highest common divisor of 2 and n?
2
Suppose -m + 5*m + 218 = 5*z, 5*z - 212 = m. Let w be 56/10 + (-2)/(-5). What is the greatest common factor of w and z?
6
Let k be 1/(3/72 + 0). Let a be 6*(-2 - k/(-9)). Suppose -2*m + 8 = 4*u, -5*m = 5*u - 15 - 5. What is the highest common divisor of a and m?
4
Suppose p + 5 = 0, -29 = -2*y + 3*p + 38. Suppose 5*u - 16 - 185 = 2*q, 2*u